{"id":1300,"date":"2025-06-21T09:19:04","date_gmt":"2025-06-21T07:19:04","guid":{"rendered":"http:\/\/gym-sereine.fr\/?page_id=1300"},"modified":"2026-02-19T20:15:43","modified_gmt":"2026-02-19T19:15:43","slug":"stages","status":"publish","type":"page","link":"http:\/\/gym-sereine.fr\/?page_id=1300","title":{"rendered":"Stages"},"content":{"rendered":"\n<p>Stages d&rsquo;\u00e9t\u00e9 du 6 au 10 juillet et du 13 au 17 juillet 2026<\/p>\n\n\n\n<p>Inscription \u00e0 la semaine ou \u00e0 la journ\u00e9e adh\u00e9rent ou non!<\/p>\n\n\n\n<p><\/p>\n\n\n\n<div class=\"wp-block-buttons is-layout-flex wp-block-buttons-is-layout-flex\">\n<div class=\"wp-block-button\"><a class=\"wp-block-button__link wp-element-button\" href=\"https:\/\/sereine-standre.monclub.app\/app\">INSCRIPTION<\/a><\/div>\n<\/div>\n\n\n\n<p><\/p>\n","protected":false},"excerpt":{"rendered":"<p>Stages d&rsquo;\u00e9t\u00e9 du 6 au 10 juillet et du 13 au 17 juillet 2026 Inscription \u00e0 la semaine ou \u00e0 la journ\u00e9e adh\u00e9rent ou non!<\/p>\n","protected":false},"author":2,"featured_media":0,"parent":0,"menu_order":0,"comment_status":"closed","ping_status":"closed","template":"","meta":{"footnotes":""},"class_list":["post-1300","page","type-page","status-publish","hentry"],"blockartPostFeaturedMedia":{"thumbnail":false,"medium":false,"medium_large":false,"large":false,"1536x1536":false,"2048x2048":false,"ashe-slider-full-thumbnail":false,"ashe-full-thumbnail":false,"ashe-list-thumbnail":false,"ashe-grid-thumbnail":false,"ashe-single-navigation":false},"blockartPostAuthor":{"name":"David Juliat","avatar":"https:\/\/secure.gravatar.com\/avatar\/a840c93cfb7c2307774ff9fadb59bfe73b310d6e930ad4437bac5c4b127e8567?s=96&d=mm&r=g"},"blockartPostCommentsNumber":false,"blockartPostExcerpt":"Stages d&rsquo;\u00e9t\u00e9 du 6 au 10 juillet et du 13 au 17 juillet 2026 Inscription \u00e0 la semaine ou \u00e0 la journ\u00e9e adh\u00e9rent ou non!","blockartPostCategories":[],"_links":{"self":[{"href":"http:\/\/gym-sereine.fr\/index.php?rest_route=\/wp\/v2\/pages\/1300","targetHints":{"allow":["GET"]}}],"collection":[{"href":"http:\/\/gym-sereine.fr\/index.php?rest_route=\/wp\/v2\/pages"}],"about":[{"href":"http:\/\/gym-sereine.fr\/index.php?rest_route=\/wp\/v2\/types\/page"}],"author":[{"embeddable":true,"href":"http:\/\/gym-sereine.fr\/index.php?rest_route=\/wp\/v2\/users\/2"}],"replies":[{"embeddable":true,"href":"http:\/\/gym-sereine.fr\/index.php?rest_route=%2Fwp%2Fv2%2Fcomments&post=1300"}],"version-history":[{"count":3,"href":"http:\/\/gym-sereine.fr\/index.php?rest_route=\/wp\/v2\/pages\/1300\/revisions"}],"predecessor-version":[{"id":1323,"href":"http:\/\/gym-sereine.fr\/index.php?rest_route=\/wp\/v2\/pages\/1300\/revisions\/1323"}],"wp:attachment":[{"href":"http:\/\/gym-sereine.fr\/index.php?rest_route=%2Fwp%2Fv2%2Fmedia&parent=1300"}],"curies":[{"name":"wp","href":"https:\/\/api.w.org\/{rel}","templated":true}]}}